{"id":4,"date":"2014-03-13T19:43:45","date_gmt":"2014-03-13T18:43:45","guid":{"rendered":"https:\/\/www.parroquiaclaret.org\/%c2%bfdonde-estamos"},"modified":"2020-07-08T14:57:24","modified_gmt":"2020-07-08T12:57:24","slug":"%c2%bfdonde-estamos","status":"publish","type":"page","link":"https:\/\/www.parroquiaclaret.org\/?page_id=4","title":{"rendered":"\u00bfD\u00f3nde estamos?"},"content":{"rendered":"<p>&nbsp;<\/p>\n<div style=\"float: left; margin-right: 20px; width: 30%;\">\n<p>Avenida del Padre Garc\u00eda Tejero, 8<br \/>\n41012 Sevilla<br \/>\nEspa\u00f1a<br \/>\nTel\u00e9fono:\u00a0\u00a0954 61 63 53<br \/>\nSolo Unci\u00f3n de Enfermos: 640 87 00 65<\/p>\n<p>&nbsp;<\/p>\n<\/div>\n<div>\n<div style=\"float: left; text-align: right; margin-right: 10px;\">\u00a0 Partidas, certificados, volantes y sacramentos en general:<br \/>\nAdministraci\u00f3n parroquial:<br \/>\nP\u00e1rroco:<br \/>\nP\u00e1gina web e inform\u00e1tica:<br \/>\nCanal Whatsapp (enviar nombre completo para abonarse):<\/div>\n<div style=\"clear: right;\">secretaria@parroquiaclaret.org<br \/>\nadministrador@parroquiaclaret.org<br \/>\nparroco@parroquiaclaret.org<br \/>\nwebmaster@parroquiaclaret.org<br \/>\n640 87 00 65<\/div>\n<\/div>\n<p>&nbsp;<\/p>\n<div style=\"clear: left;\">\n<hr \/>\n<p><iframe loading=\"lazy\" src=\"https:\/\/www.google.com\/maps\/d\/embed?mid=zHAJB0R-ccXI.kLiWSVN0zDYs\" width=\"100%\" height=\"480\"><\/iframe><br \/>\n<a href=\"https:\/\/www.google.com\/maps\/d\/edit?mid=zHAJB0R-ccXI.kLiWSVN0zDYs&amp;usp=sharing\">Ampliar mapa<\/a><\/p>\n<hr \/>\n<p><iframe loading=\"lazy\" style=\"border: 0;\" src=\"https:\/\/www.google.com\/maps\/embed?pb=!1m0!3m2!1ses!2ses!4v1438279961272!6m8!1m7!1sa3FVODkvPiZKMVnsn6rskA!2m2!1d37.356499!2d-5.984509!3f335.41882893848407!4f1.89183305845782!5f0.7820865974627469\" width=\"100%\" height=\"480\" frameborder=\"0\" allowfullscreen=\"allowfullscreen\"><\/iframe><br \/>\n<a href=\"https:\/\/www.google.com\/maps\/@37.356499,-5.984509,3a,75y,342.29h,95.44t\/data=!3m6!1e1!3m4!1sa3FVODkvPiZKMVnsn6rskA!2e0!7i13312!8i6656?hl=en\">Ampliar vista de calle<\/a><\/p>\n<hr \/>\n<\/div>\n","protected":false},"excerpt":{"rendered":"<p>&nbsp; Avenida del Padre Garc\u00eda Tejero, 8 41012 Sevilla Espa\u00f1a Tel\u00e9fono:\u00a0\u00a0954 61 63 53 Solo Unci\u00f3n de Enfermos: 640 87 00 65 &nbsp; \u00a0 Partidas, certificados, volantes y sacramentos en general: Administraci\u00f3n parroquial: P\u00e1rroco: P\u00e1gina web e inform\u00e1tica: Canal Whatsapp (enviar nombre completo para abonarse): secretaria@parroquiaclaret.org administrador@parroquiaclaret.org parroco@parroquiaclaret.org webmaster@parroquiaclaret.org 640 87 00 65 &nbsp; Ampliar [&hellip;]<\/p>\n","protected":false},"author":1,"featured_media":0,"parent":0,"menu_order":0,"comment_status":"closed","ping_status":"closed","template":"page-c.php","meta":{"footnotes":""},"class_list":["post-4","page","type-page","status-publish","hentry"],"_links":{"self":[{"href":"https:\/\/www.parroquiaclaret.org\/index.php?rest_route=\/wp\/v2\/pages\/4","targetHints":{"allow":["GET"]}}],"collection":[{"href":"https:\/\/www.parroquiaclaret.org\/index.php?rest_route=\/wp\/v2\/pages"}],"about":[{"href":"https:\/\/www.parroquiaclaret.org\/index.php?rest_route=\/wp\/v2\/types\/page"}],"author":[{"embeddable":true,"href":"https:\/\/www.parroquiaclaret.org\/index.php?rest_route=\/wp\/v2\/users\/1"}],"replies":[{"embeddable":true,"href":"https:\/\/www.parroquiaclaret.org\/index.php?rest_route=%2Fwp%2Fv2%2Fcomments&post=4"}],"version-history":[{"count":81,"href":"https:\/\/www.parroquiaclaret.org\/index.php?rest_route=\/wp\/v2\/pages\/4\/revisions"}],"predecessor-version":[{"id":1124,"href":"https:\/\/www.parroquiaclaret.org\/index.php?rest_route=\/wp\/v2\/pages\/4\/revisions\/1124"}],"wp:attachment":[{"href":"https:\/\/www.parroquiaclaret.org\/index.php?rest_route=%2Fwp%2Fv2%2Fmedia&parent=4"}],"curies":[{"name":"wp","href":"https:\/\/api.w.org\/{rel}","templated":true}]}}

¿Dónde estamos?

<p>&nbsp;</p>
<div style="float: left; margin-right: 20px; width: 30%;">
<p>Avenida del Padre García Tejero, 8<br />
41012 Sevilla<br />
España<br />
Teléfono:  954 61 63 53<br />
Solo Unción de Enfermos: 640 87 00 65</p>
<p>&nbsp;</p>
</div>
<div>
<div style="float: left; text-align: right; margin-right: 10px;">  Partidas, certificados, volantes y sacramentos en general:<br />
Administración parroquial:<br />
Párroco:<br />
Página web e informática:<br />
Canal Whatsapp (enviar nombre completo para abonarse):</div>
<div style="clear: right;">secretaria@parroquiaclaret.org<br />
administrador@parroquiaclaret.org<br />
parroco@parroquiaclaret.org<br />
webmaster@parroquiaclaret.org<br />
640 87 00 65</div>
</div>
<p>&nbsp;</p>
<div style="clear: left;">
<hr />
<p><iframe loading="lazy" src="https://www.google.com/maps/d/embed?mid=zHAJB0R-ccXI.kLiWSVN0zDYs" width="100%" height="480"></iframe><br />
<a href="https://www.google.com/maps/d/edit?mid=zHAJB0R-ccXI.kLiWSVN0zDYs&amp;usp=sharing">Ampliar mapa</a></p>
<hr />
<p><iframe loading="lazy" style="border: 0;" src="https://www.google.com/maps/embed?pb=!1m0!3m2!1ses!2ses!4v1438279961272!6m8!1m7!1sa3FVODkvPiZKMVnsn6rskA!2m2!1d37.356499!2d-5.984509!3f335.41882893848407!4f1.89183305845782!5f0.7820865974627469" width="100%" height="480" frameborder="0" allowfullscreen="allowfullscreen"></iframe><br />
<a href="https://www.google.com/maps/@37.356499,-5.984509,3a,75y,342.29h,95.44t/data=!3m6!1e1!3m4!1sa3FVODkvPiZKMVnsn6rskA!2e0!7i13312!8i6656?hl=en">Ampliar vista de calle</a></p>
<hr />
</div>

<p>&nbsp; Avenida del Padre García Tejero, 8 41012 Sevilla España Teléfono:  954 61 63 53 Solo Unción de Enfermos: 640 87 00 65 &nbsp;   Partidas, certificados, volantes y sacramentos en general: Administración parroquial: Párroco: Página web e informática: Canal Whatsapp (enviar nombre completo para abonarse): secretaria@parroquiaclaret.org administrador@parroquiaclaret.org parroco@parroquiaclaret.org webmaster@parroquiaclaret.org 640 87 00 65 &nbsp; Ampliar [&hellip;]</p>
