{"id":196,"date":"2014-06-18T19:28:18","date_gmt":"2014-06-18T17:28:18","guid":{"rendered":"https:\/\/www.parroquiaclaret.org\/nuestro-patron"},"modified":"2014-06-18T19:39:17","modified_gmt":"2014-06-18T17:39:17","slug":"nuestro-patron","status":"publish","type":"page","link":"https:\/\/www.parroquiaclaret.org\/?page_id=196","title":{"rendered":"Nuestro Patr\u00f3n"},"content":{"rendered":"<p><a href=\"https:\/\/www.parroquiaclaret.org\/wp-content\/uploads\/2014\/03\/logo1.png\"><img loading=\"lazy\" decoding=\"async\" class=\"alignleft size-full wp-image-56\" src=\"https:\/\/www.parroquiaclaret.org\/wp-content\/uploads\/2014\/03\/logo1.png\" alt=\"logo\" width=\"73\" height=\"74\" \/><\/a>Nacido en Sallent el 23 de Diciembre de 1807, comenz\u00f3 en su infancia a trabajar como tejedor. Pero pronto comprendi\u00f3 que \u00e9sa no era su verdadera vocaci\u00f3n, e ingres\u00f3 en el seminario de Vic a los 21 a\u00f1os. Como sacerdote recorri\u00f3 las tierras de Catalu\u00f1a y de Canarias predicando el Evangelio. Fue nombrado Arzobispo de Cuba (llevando a cabo su labor misionera el en pa\u00eds) y confesor de Isabel II. Fund\u00f3 la congregaci\u00f3n de Misioneros del Coraz\u00f3n de Mar\u00eda y la Academia de San Miguel. Muri\u00f3 el 24 de Octubre de 1870, siendo canonizado en 1950 por P\u00edo XII.<\/p>\n","protected":false},"excerpt":{"rendered":"<p>Nacido en Sallent el 23 de Diciembre de 1807, comenz\u00f3 en su infancia a trabajar como tejedor. Pero pronto comprendi\u00f3 que \u00e9sa no era su verdadera vocaci\u00f3n, e ingres\u00f3 en el seminario de Vic a los 21 a\u00f1os. Como sacerdote recorri\u00f3 las tierras de Catalu\u00f1a y de Canarias predicando el Evangelio. Fue nombrado Arzobispo de [&hellip;]<\/p>\n","protected":false},"author":1,"featured_media":0,"parent":0,"menu_order":0,"comment_status":"closed","ping_status":"closed","template":"","meta":{"footnotes":""},"class_list":["post-196","page","type-page","status-publish","hentry"],"_links":{"self":[{"href":"https:\/\/www.parroquiaclaret.org\/index.php?rest_route=\/wp\/v2\/pages\/196","targetHints":{"allow":["GET"]}}],"collection":[{"href":"https:\/\/www.parroquiaclaret.org\/index.php?rest_route=\/wp\/v2\/pages"}],"about":[{"href":"https:\/\/www.parroquiaclaret.org\/index.php?rest_route=\/wp\/v2\/types\/page"}],"author":[{"embeddable":true,"href":"https:\/\/www.parroquiaclaret.org\/index.php?rest_route=\/wp\/v2\/users\/1"}],"replies":[{"embeddable":true,"href":"https:\/\/www.parroquiaclaret.org\/index.php?rest_route=%2Fwp%2Fv2%2Fcomments&post=196"}],"version-history":[{"count":2,"href":"https:\/\/www.parroquiaclaret.org\/index.php?rest_route=\/wp\/v2\/pages\/196\/revisions"}],"predecessor-version":[{"id":198,"href":"https:\/\/www.parroquiaclaret.org\/index.php?rest_route=\/wp\/v2\/pages\/196\/revisions\/198"}],"wp:attachment":[{"href":"https:\/\/www.parroquiaclaret.org\/index.php?rest_route=%2Fwp%2Fv2%2Fmedia&parent=196"}],"curies":[{"name":"wp","href":"https:\/\/api.w.org\/{rel}","templated":true}]}}

Nuestro Patrón

<p><a href="https://www.parroquiaclaret.org/wp-content/uploads/2014/03/logo1.png"><img loading="lazy" decoding="async" class="alignleft size-full wp-image-56" src="https://www.parroquiaclaret.org/wp-content/uploads/2014/03/logo1.png" alt="logo" width="73" height="74" /></a>Nacido en Sallent el 23 de Diciembre de 1807, comenzó en su infancia a trabajar como tejedor. Pero pronto comprendió que ésa no era su verdadera vocación, e ingresó en el seminario de Vic a los 21 años. Como sacerdote recorrió las tierras de Cataluña y de Canarias predicando el Evangelio. Fue nombrado Arzobispo de Cuba (llevando a cabo su labor misionera el en país) y confesor de Isabel II. Fundó la congregación de Misioneros del Corazón de María y la Academia de San Miguel. Murió el 24 de Octubre de 1870, siendo canonizado en 1950 por Pío XII.</p>

<p>Nacido en Sallent el 23 de Diciembre de 1807, comenzó en su infancia a trabajar como tejedor. Pero pronto comprendió que ésa no era su verdadera vocación, e ingresó en el seminario de Vic a los 21 años. Como sacerdote recorrió las tierras de Cataluña y de Canarias predicando el Evangelio. Fue nombrado Arzobispo de [&hellip;]</p>
